(-12))/((-2)/18). Let k = -303 + d. Suppose -m + 41 = -3*o + k, m + 248 = 2*o. List the prime factors of o.
2, 3, 7
Let t = -46 + 43. Let r(z) = -3*z. What are the prime factors of r(t)?
3
Suppose 16*f - 3*f - 234 = 0. Suppose 17*n - f*n + 1183 = 0. What are the prime factors of n?
7, 13
Let j = -20116 - -20140. Suppose -h - 2 = -22. Let q = j - h. What are the prime factors of q?
2
Suppose -4*i + 3209 = 5*l, 4*i + 1185 = 3*l - 734. Suppose 3*j - 2485 = 5*o - 562, -o = -j + l. List the prime factors of j.
641
Suppose -11*y + 5733 + 3089 = 0. Suppose 5*t - 2007 = -y. What are the prime factors of t?
241
List the prime factors of (-1792 + -5)/((-11)/22).
2, 3, 599
Let s(r) = r**3 - 15*r**2 - 32*r + 16. Let v = 171 - 154. List the prime factors of s(v).
2, 5
Let d = -141 - -153. What are the prime factors of (136/d + 0)/((-12)/(-198))?
11, 17
Suppose 161 = -3*r - 355. Let c = 589 + r. What are the prime factors of c?
3, 139
Suppose 0 = -d + 2*h + 9899, 5*d + h - 32448 - 17014 = 0. What are the prime factors of d?
13, 761
Let p = -274 + 563. List the prime factors of ((-3)/(-9))/(p/96 + -3).
2
Suppose 0 = -207*j - 133410 + 571008. What are the prime factors of j?
2, 7, 151
Let u(x) = 19*x**2 - 20*x + 3. List the prime factors of u(-10).
3, 701
Let p(m) = -2*m**3 - 22*m**2 - 18*m + 12. Let j be p(-11). Suppose -121*o + j = -114*o. List the prime factors of o.
2, 3, 5
What are the prime factors of 2948/10*(-500)/(-40)?
5, 11, 67
Let p(s) = 11818*s - 4790. List the prime factors of p(2).
2, 3, 349
Let d(p) = -p**2 - 3*p + 73. Let u be d(7). Suppose -4*r - 130 = -2*f, 2*f - 4*f + 131 = -u*r. What are the prime factors of f?
67
Let h(b) = -61 - 117 - 71 - 165*b - 87. List the prime factors of h(-7).
3, 7, 13
Suppose -5*l + 185 = -4*l. Suppose 5*k - 325 = l. Suppose 0 = 2*o - 4, -p + k = -2*o. What are the prime factors of p?
2, 53
Let t(l) = 5*l**2 + 36*l + 88. Let u(z) = 14*z**2 + 107*z + 264. Let j(o) = -17*t(o) + 6*u(o). List the prime factors of j(29).
3, 13
Let f(h) be the second derivative of h**4/6 - h**2 + 33*h. Let i be f(2). Let c(d) = 2*d**3 - 6*d**2 - 9*d - 25. List the prime factors of c(i).
137
Suppose 278*b - 279500 = 235*b. List the prime factors of b.
2, 5, 13
Let s(v) = v**2 + 4 - 1 + 4*v + 3 - 4. Let m be s(-4). Suppose -3*w + 260 = m*w. What are the prime factors of w?
2, 13
Suppose 2*v = -4*i + 33230, -6*v + 83060 = -v + 5*i. What are the prime factors of v?
17, 977
Let w = -122 - -126. Suppose 318 = w*q - 1886. List the prime factors of q.
19, 29
Let b = -3976 - -4199. List the prime factors of b.
223
Let n = 132402 + -64501. List the prime factors of n.
67901
Let x = -9360 + 14772. Suppose -3348 = -6*o + x. What are the prime factors of o?
2, 5, 73
Suppose 5*z - 395*l = -393*l + 180418, -4*z + 4*l = -144320. What are the prime factors of z?
2, 18043
Suppose -249 + 1320 = 21*l. List the prime factors of l/68 - 4443/(-12).
7, 53
Let p = -1473 - -885. Let f = 378 - p. List the prime factors of f.
2, 3, 7, 23
Let x(u) be the second derivative of 4*u + 0 - 33/2*u**2 + 3/2*u**3. What are the prime factors of x(16)?
3, 37
Suppose -426668*w - 27984 = -426676*w. List the prime factors of w.
2, 3, 11, 53
Suppose 5*x = -3*x - 1032. Let q = x + 395. Let i = q + -184. What are the prime factors of i?
2, 41
Let h = -45 - -56. Let n = -9 + h. Suppose 0 = 5*s - 5*u - 1140, n*s - 5*u - 709 = -250. What are the prime factors of s?
227
Let l(n) = -3*n**2 - 21*n - 14. Let v be l(11). List the prime factors of (-4)/5*(v - -3) + 5.
3, 163
Let z(q) = -7*q + 16. Let j be z(1). Suppose j*w - 6688 = -2125. What are the prime factors of w?
3, 13
Let o = -351 + 341. List the prime factors of 292/o*(2 + (-36)/8).
73
Suppose 364 = 26*m + 2*m. Suppose 5*x - 4 = 6, -3*x = l - 9. Suppose -m = -v + l. What are the prime factors of v?
2
Let h(a) = -a**3 + 32*a**2 - 29*a + 74. Let g be h(26). Suppose 4*y = -2*l + 6*y + g, -2*y + 1679 = l. What are the prime factors of l?
5, 337
Let n = 45502 + -14197. List the prime factors of n.
3, 5, 2087
Let k(g) = -161*g + 40. List the prime factors of k(-28).
2, 3, 379
Suppose 19*t + 22 = 269. Suppose -4*m = 2*g - 2682, -5314 = -4*g + t*m - 11*m. What are the prime factors of g?
11
Let r be ((-3 - 2) + -1)/(162/163539). What are the prime factors of (-1 + r/(-6))*(-30 + 32)?
2017
Suppose -687*r = -694*r - 6216. Let c = r + 2344. What are the prime factors of c?
2, 7, 13
Let s be 9 + -8 - 8 - -1303. Suppose 153 = 7*d - s. What are the prime factors of d?
3, 23
Let i be (-7 - (-56644)/8) + 6/4. Suppose -13*n - 744 = -i. List the prime factors of n.
487
Suppose -2*k + 1776 = 4*p, 0 = 17*p - 14*p + 5*k - 1339. What are the prime factors of p?
443
Suppose 2 = 4*j - 10. Suppose 2*r - 186 = 3*f, -j*r = 2*f + 2*f - 313. Suppose 6*w + r = 7*w. What are the prime factors of w?
3, 11
Let n = 1239 - -10980. What are the prime factors of n?
3, 4073
Let j = 244887 - 172399. List the prime factors of j.
2, 13, 17, 41
Let y(b) = 3*b**2 - 8*b. Let j be y(-6). Let r be 708/3 + 1 + 2/(-1). Let i = r - j. List the prime factors of i.
79
Suppose 3953*v = 3888*v + 831415. List the prime factors of v.
12791
Let w be (-140 - -13)/(0 + -1). Let m be (-197)/4 + (-6)/8. Let n = m + w. What are the prime factors of n?
7, 11
Let k(r) = 323*r**2 + 4 + 3 - 41*r**2 - 6 + 2*r. List the prime factors of k(-1).
281
Suppose 0 = 4*u - s - 30145, -13*u + 14*u + 2*s = 7543. List the prime factors of u.
7537
Let u(d) be the second derivative of d**3/3 + 7*d**2 + 32*d. Let p be u(-8). What are the prime factors of ((-423)/15)/(p/10)?
3, 47
Let s be (32/12)/(4/6) - 1. Suppose 6*c + q - s = 3*c, 5*q = -2*c + 15. List the prime factors of (-2)/(-7 - -5) - (-45 + c).
2, 23
Let f = -881 + 555. Let i = f + 759. List the prime factors of i.
433
Let k(h) = 3*h**3 + 5*h**2 - 36*h + 9. Suppose 4 = -4*d + 28. What are the prime factors of k(d)?
3, 23
List the prime factors of 42/(-91) - (-149779)/13.
41, 281
Let g be (-2)/8*1 + (-63)/(-12). Suppose 0 = 5*b + g*k - 3530, -2*b - 2*b - 5*k + 2828 = 0. List the prime factors of b.
2, 3, 13
Let j(b) = 90*b**2 - 76*b + 1410. What are the prime factors of j(15)?
2, 3, 5, 19
Let r(j) = 68*j**2 - 37*j - 123. List the prime factors of r(-8).
5, 181
Suppose 3*d - 21*u = -17*u + 38111, -d + 2*u + 12709 = 0. List the prime factors of d.
3, 4231
Let c(y) = y**3 - 35*y**2 + 55*y - 11. List the prime factors of c(34).
19, 37
Let v = 60 + -92. Let w be (3 + 0 - 2)*41. Let r = v + w. List the prime factors of r.
3
Let o = -411 + 322. Let p = 95 + o. List the prime factors of p.
2, 3
Suppose -181 = -20*d - 1. Let u be 1/((-1)/d*-3). What are the prime factors of 111 - (-1 - u) - 0?
5, 23
Suppose 0 = 2*w + 4*n - 1276, 20 - 5 = -3*n. Let r = w - 245. What are the prime factors of r?
13, 31
Let s be (-112)/12*(-5 - -2). Suppose s*a = 38 + 3294. List the prime factors of a.
7, 17
Let i = 303 + -299. What are the prime factors of (i + (-130)/(-35))*42?
2, 3
What are the prime factors of (-16)/6 - (22 - 168119/21)?
23, 347
Let p(k) = -3*k**3 - 11*k**2 - 7*k - 14. Suppose -2*u = -5*a - 43, -1 = 3*a + 4*u + 4. What are the prime factors of p(a)?
3, 5, 7
List the prime factors of 3/(((-33)/5554)/(-11)).
2, 2777
Let u = 35116 + -21855. List the prime factors of u.
89, 149
Suppose 4*n - 8 = 0, -36*w + 31*w = -2*n - 7311. List the prime factors of w.
7, 11, 19
Let v(z) = -5*z**3 - 10*z - 5 + 6*z - 7*z - 7*z - z**2. List the prime factors of v(-6).
31, 37
Suppose -4*f - 546 = -2*y - 1592, 2*f - 543 = -3*y. Suppose 3*o - 3*k - 1140 = 0, -2*k + 516 + f = 2*o. List the prime factors of o.
5, 7, 11
Suppose 2*s = 3*l + 15, -3*s = l - 19 - 20. What are the prime factors of (-69)/s + 6 - 1375/(-4)?
2, 43
Suppose 13*v = 17*v - 16. List the prime factors of 2195*v/(20 + 0).
439
Let z(m) be the third derivative of -m**3 - 1/6*m**4 - 1/24*m**6 + 0*m - 1/12*m**5 + 0 + 2*m**2. List the prime factors of z(-3).
2, 3
Suppose 0 = 3*y - h - 152037, -401*y + 405*y - 202742 = -3*h. What are the prime factors of y?
59, 859
Let o(t) = -1475*t - 6084. What are the prime factors of o(-39)?
3, 13, 1319
Let m(x) be the first derivative of -27*x**4/2 - x**3/3 + x**2/2 + 2*x + 46. What are the prime factors of m(-1)?
2, 3
Suppose 4*z + 10*z + 7*z = 567021. List the prime factors of